hat is h(-1)?
87
Let m(a) = -147*a - 2353. Give m(-16).
-1
Let b(z) = 13*z**2 + 6*z + 3. Calculate b(3).
138
Let g(p) = p**3 - 28*p**2 - 43*p + 407. Determine g(29).
1
Let f(k) = -513*k + 523. Determine f(1).
10
Let h(g) = -g**2 - 138*g - 4. Give h(-138).
-4
Let l(v) = -169*v + 10648. What is l(63)?
1
Let d(v) = 147*v + 18822. Calculate d(-128).
6
Let x(w) = 2*w**2 - 3*w - 33. What is x(4)?
-13
Let s(y) = -8*y**2 - 24*y + 65. Calculate s(4).
-159
Let x(h) = -3*h**2 + 44*h - 161. Determine x(6).
-5
Let d(x) = x**2 - 39*x - 1718. Give d(-26).
-28
Let k(q) = -19*q**3 - 152*q**2 - 2*q - 11. What is k(-8)?
5
Let n(h) = 1056*h - 8452. What is n(8)?
-4
Let a(p) = 6*p**3 + 31*p**2 - 31*p + 15. Determine a(-6).
21
Let g(a) = 8*a**2 + 4*a - 16. What is g(-2)?
8
Let y(o) = 2*o**2 - 62*o - 137. What is y(31)?
-137
Let t(c) = -94*c + 3. Determine t(3).
-279
Let q(i) = i**3 - 4*i**2 - 16*i - 61. What is q(8)?
67
Let k(o) = -3*o**2 + 102*o + 40. Give k(33).
139
Let d(z) = 85*z + 359. Determine d(3).
614
Let z(h) = 7*h**2 + 16*h - 11. Determine z(-3).
4
Let a(v) = -4*v**3 + v**2 - 27*v + 26. Give a(1).
-4
Let y(m) = 10*m**3 + 5*m**2 - 2*m + 5. Determine y(2).
101
Let c(b) = -8886*b + 62202. What is c(7)?
0
Let k(c) = 747*c - 13441. What is k(18)?
5
Let j(d) = 2*d**3 + 108*d**2 + 10*d + 512. Give j(-54).
-28
Let i(d) = -d**3 - 2*d**2 - 3*d - 11. Determine i(-5).
79
Let k(p) = 51*p - 807. Determine k(16).
9
Let k(u) = 137*u**2 + 159*u - 1. Give k(-1).
-23
Let n(y) = y**2 - 22. Give n(15).
203
Let j(u) = -24*u**2 - 742*u - 28. Calculate j(-31).
-90
Let d(t) = t**3 + 17*t**2 + 137*t + 478. Calculate d(-7).
9
Let h(o) = -3*o**3 + 3*o**2 + 128*o - 258. Determine h(2).
-14
Let c(g) = -8*g**2 - 2405*g + 7290. What is c(3)?
3
Let x(d) = -33*d - 78. Give x(22).
-804
Let i(q) = q**3 + 139*q**2 + 5*q + 701. Calculate i(-139).
6
Let i(n) = 3*n**3 + 4*n**2 - 4*n - 7. Determine i(-5).
-262
Let k(w) = 6301*w - 44101. Determine k(7).
6
Let b(o) = -4*o**3 + 2*o**2 - 4*o - 28. Calculate b(0).
-28
Let i(q) = -q**3 + 81*q**2 - 85*q + 257. Give i(80).
-143
Let q(h) = 2*h**3 + 27*h**2 + 10*h - 30. Give q(-13).
9
Let s(i) = 53*i + 443. Determine s(-9).
-34
Let i(b) = b**3 + 4*b**2 - 220*b - 32. Give i(-18).
-608
Let r(t) = -61*t + 91. What is r(-2)?
213
Let t(d) = -d**2 + 88*d + 1670. Determine t(-16).
6
Let s(f) = -18*f**2 - 21*f + 86. Determine s(2).
-28
Let u(a) = -a**3 - 8*a**2 - 7*a + 2. Give u(-7).
2
Let n(y) = 189*y + 581. Give n(-3).
14
Let m(p) = -17*p + 750. Calculate m(46).
-32
Let f(n) = 4*n**2 + 31*n + 88. Give f(-11).
231
Let s(f) = -f**3 + 14*f**2 + 17*f - 203. Determine s(14).
35
Let v(p) = -12*p**2 + 25*p + 168. What is v(-3)?
-15
Let m(a) = 18*a + 41. Determine m(-9).
-121
Let n(k) = k**3 + 5*k**2 - 5*k - 24. Give n(-3).
9
Let u(g) = -3*g**2 + 107*g - 309. What is u(3)?
-15
Let j(d) = -d**3 - 38*d**2 + 40*d - 198. Determine j(-39).
-237
Let v(f) = 8*f**2 + 20*f + 26. What is v(-2)?
18
Let o(v) = -v**3 - 33*v**2 - 233*v - 44. Give o(-10).
-14
Let p(q) = -2*q**3 + 9*q**2 - 66*q + 183. Give p(3).
12
Let o(q) = 147*q + 10. What is o(1)?
157
Let u(x) = -3*x**3 + 32*x**2 + 16*x + 9. Calculate u(10).
369
Let t(a) = -a**2 - 91*a + 1483. Determine t(14).
13
Let n(b) = b**2 - 61*b - 455. Determine n(-7).
21
Let m(f) = -692*f + 135620. Calculate m(196).
-12
Let i(s) = 2*s**3 - 20*s**2 - 50*s - 40. Calculate i(13).
324
Let s(c) = 1216*c + 7307. Give s(-6).
11
Let n(p) = -2*p**2 - 35*p + 627. Give n(11).
0
Let b(z) = -z**2 - 3*z + 12. Determine b(-6).
-6
Let w(v) = -v**3 - 28*v**2 + 5*v + 28. Determine w(-28).
-112
Let b(g) = 2*g**3 - g**2 - 13*g + 34. What is b(0)?
34
Let s(x) = x**2 - 87*x - 5429. Give s(129).
-11
Let f(q) = q**2 - 10*q - 18. Give f(15).
57
Let b(a) = 2744*a + 30161. What is b(-11)?
-23
Let m(t) = 6*t - 112. What is m(4)?
-88
Let h(l) = l**2 + 6*l + 2. Give h(-4).
-6
Let h(c) = -c**3 + 16*c**2 - 137*c + 1238. What is h(10)?
468
Let u(r) = 123*r**2 - 5*r - 2. Give u(-1).
126
Let x(c) = -130*c + 2602. Determine x(20).
2
Let v(b) = 67*b + 3311. Determine v(-49).
28
Let x(r) = 5*r + 71. Determine x(7).
106
Let g(v) = -40*v - 4558. Give g(-114).
2
Let k(t) = 8*t + 14. Give k(-2).
-2
Let x(c) = c**3 - 15*c**2 + 41*c - 6. What is x(11)?
-39
Let g(z) = -3*z**2 + 360*z - 9718. What is g(79)?
-1
Let b(c) = c**3 - 15*c**2 + 11*c - 409. Determine b(16).
23
Let h(k) = -2*k**3 + 24*k**2 - 3*k + 19. Give h(12).
-17
Let w(z) = -z**3 - 28*z**2 - 225*z - 19. What is w(-15)?
431
Let l(y) = -3*y**2 - 119*y - 69. What is l(-39)?
9
Let o(v) = 7*v**2 + 239*v - 3. What is o(-34)?
-37
Let x(m) = m**3 + 45*m**2 - 136*m + 389. Calculate x(-48).
5
Let f(i) = -21*i**2 - 348*i - 14. What is f(-16)?
178
Let m(v) = -v**3 + 30*v**2 + 406*v - 8073. Determine m(35).
12
Let a(b) = -6*b**3 - 41*b**2 - 146*b - 1062. Calculate a(-7).
9
Let o(u) = -u**2 + 11*u - 63. Determine o(18).
-189
Let x(m) = m**3 - 26*m**2 - 2*m - 77. Give x(26).
-129
Let b(f) = -1415*f - 55150. Determine b(-39).
35
Let k(o) = 2*o**3 - 12*o**2 + 17*o - 10. What is k(5)?
25
Let c(l) = -l**2 - 102*l + 46. Calculate c(0).
46
Let j(w) = w**3 + 29*w**2 - 271*w + 73. Calculate j(-36).
757
Let g(n) = -7*n**2 + 38*n + 18. Calculate g(5).
33
Let v(j) = -4*j**2 + 153*j + 96. What is v(40)?
-184
Let n(r) = r**2 - 103*r + 1576. Determine n(84).
-20
Let b(f) = 18585*f + 185848. Determine b(-10).
-2
Let p(r) = 637*r - 3817. What is p(6)?
5
Let v(i) = -i + 74. Determine v(-49).
123
Let g(s) = 20*s - 643. Determine g(31).
-23
Let v(m) = m**2 + 128*m + 731. What is v(-6)?
-1
Let a(o) = o**2 + 10*o + 61. Determine a(-20).
261
Let x(v) = -124*v - 1361. Calculate x(-11).
3
Let a(y) = -y**2 + 45*y + 411. Calculate a(53).
-13
Let b(p) = -p**3 + 77*p**2 - 835*p + 15. Give b(64).
-177
Let v(h) = h**3 + 12*h**2 - 21*h + 112. Give v(-14).
14
Let f(c) = -42*c - 115. Give f(-4).
53
Let v(h) = -h - 17. Calculate v(-20).
3
Let k(i) = 24*i - 169. Determine k(8).
23
Let j(s) = 4*s**2 + 356*s - 2275. What is j(6)?
5
Let n(i) = -213*i - 20237. Determine n(-95).
-2
Let g(v) = -v**3 - 35*v**2 + 34*v - 133. Give g(-36).
-61
Let j(l) = -7*l**2 + 114*l - 69. Determine j(13).
230
Let d(n) = -1755*n - 3513. Calculate d(-2).
-3
Let u(a) = -119*a + 10260. Give u(86).
26
Let d(b) = -b**2 - 20*b + 350. Determine d(-31).
9
Let z(g) = g**2 - g - 13. Calculate z(11).
97
Let h(l) = -3778*l - 34018. What is h(-9)?
-16
Let t(v) = 2129*v - 10601. What is t(5)?
44
Let n(o) = -159*o + 6989. Give n(44).
-7
Let z(r) = -7*r**2 - 162*r - 111. Give z(-22).
65
Let p(c) = -c**3 + 26*c**2 - 139*c + 18. What is p(7)?
-24
Let g(q) = -253*q - 45795. Give g(-181).
-2
Let i(w) = w**3 - 31*w**2 + 14*w - 414. What is i(31)?
20
Let c(n) = -26*n**2 + 2*n + 2. Give c(1).
-22
Let p(k) = -1924*k - 7697. What is p(-4)?
-1
Let h(f) = -f**2 - 527*f + 17297. What is h(31)?
-1
Let k(j) = -j**3 - 41*j**2 - 49*j - 199. What is k(-40)?
161
Let a(k) = -354*k + 5670. What is a(16)?
6
Let y(f) = -2*f**3 + 18*f**2 - 20*f + 27. What is y(8)?
-5
Let m(n) = n**3 + 14*n**2 + 6*n + 76. What is m(-14)?
-8
Let g(j) = -29*j + 2771. What is g(96)?
-13
Let b(s) = 59*s + 184. Give b(-5).
-111
Let f(s) = -s**3 + 14*s**2 - 31*s - 14. Give f(11).
8
Let m(r) = 2*r**2 - 31*r + 116. What is m(9)?
-1
Let f(i) = -i**3 - 145*i**2 + 98*i + 14204. Determine f(-145).
-6
Let t(a) = -a**2 - 241*a - 2317. Give t(-10).
-7
Let l(h) = 8*h**2 + 495*h - 561. Determine l(-63).
6
Let l(u) = -u**2 + 22*u - 56. Determine l(13).
61
Let f(j) = -j**2 + 44*j + 1479. Determine f(-23).
-62
Let o(k) = k**3 + 10*k**2 + 3*k - 62. Give o(-7).
64
Let t(v) = -2*v**2 + 6*v - 25. Give t(8).
-105
Let i(t) = -t**3 - 11*t**2 - t + 82. Calculate i(-10).
-8
Let k(c) = -71*c + 9903. Determine k(139).
34
Let s(z) = -z**3 + 3*z**2 + 18*z - 23. Give s(7).
-93
Let c(a) = a**2 + 27*a - 489. Give c(-39).
-21
Let w(d) = -39*d + 4. Calculate w(6).
-230
Let d(r) = -r**3 - 48*r**2 - 321*r - 58. What is d(-40)?
-18
Let k(w) = -3*w**3 - 38*w**2 - 77*w + 35. Determine k(-10).
5
Let k(v) = 11*v + 127. What is k(-16)?
-49
Let c(y) = -y**3 - 5*y**2 - 29*y - 22. Determine c(-4).
78
Let c(o) = -o**2 - 28*o + 653. Give c(15).
8
Let l(m) = -2*m**2 + 58*m + 1219. What is l(-14)?
15
Let u(y) = -y**3 - 28*y**2 + 46*y + 102. What is u(-29)?
-391
Let o(x) = x**3 - 317*x**2 - 961*x +